 g = 2*g - 2. Suppose -5*x + 7*i = 2*i - 55, -2*x + 26 = g*i. Let d = 25 - x. List the prime factors of d.
13
Let n = 4 + 0. Suppose 2*o - n*o = 2. What are the prime factors of (o - 1*-7) + -1?
5
Let a = -2 - -17. Suppose 4*m + a - 39 = 0. What are the prime factors of m?
2, 3
Let n(b) = 6*b**3 + 2*b**2 - b. What are the prime factors of n(1)?
7
Suppose 0 = 4*d - 4*g - 1528, d - 245 = -g + 139. List the prime factors of d.
383
Let y = 20 + 10. What are the prime factors of y?
2, 3, 5
List the prime factors of 2/5 + 200/125.
2
Suppose 5*l - 372 = l. Suppose -3*y + l = -42. What are the prime factors of ((-2)/(-3))/(6/y)?
5
Let j(k) = 2*k + 3. Let i be j(-3). Let g be i/2*32/(-6). Let r = 3 + g. List the prime factors of r.
11
Suppose -17 = -7*w + 6*w. Suppose 3*c = 6, -h + c = -0*h - w. What are the prime factors of h?
19
Suppose -5 - 7 = -4*j. Suppose 7*m - 72 = j*m. List the prime factors of m.
2, 3
Suppose -116 = -3*h + 10. List the prime factors of h.
2, 3, 7
Let j(f) = f**3 - 4*f**2 - 7*f - 7. Let d be j(6). Suppose d + 27 = 2*l. List the prime factors of l.
5
Suppose 5*k = 5*b + 65, b = 5*k - 16 - 9. Let s(m) = m**3 + 12*m**2 + 16*m + 15. What are the prime factors of s(b)?
5, 11
Suppose -111 - 12 = -3*m. What are the prime factors of m?
41
Let a(n) = -2*n + 3. Let h be a(6). Let l = h + 20. What are the prime factors of l?
11
Let f be 2/12 + (-44)/(-24). List the prime factors of f + -3 + -1 + 10.
2
Let y(c) = 6 + 8*c**2 + 2*c - 5 - c. Let x be y(-1). Suppose 3*k = -4*g + x, -g + 0*g - 2*k = -2. What are the prime factors of g?
2
Suppose -y + 4 = 3*s, -5*s + 12 = -3*y - 2*s. Let t = y - -1. Let c = 4 - t. What are the prime factors of c?
5
Suppose -2*o + 69 = o. What are the prime factors of o?
23
Let b = -32 - 67. Let m be 2/(-4) + b/(-6). Suppose x - m = -0*x. What are the prime factors of x?
2
What are the prime factors of 4/(-34) - (-111916)/476?
5, 47
Suppose 3*t - t + 2*j + 12 = 0, -t = -j. Let g = t + 5. Suppose i - 6 = r + g*r, -3*i = -r - 10. List the prime factors of i.
3
Let m be 1 - ((48 - -2) + -1). Let y = -27 - m. What are the prime factors of y?
3, 7
Suppose 2*b + j - 106 = 0, 2*b + 3*j - 110 + 12 = 0. Let w = 82 - b. What are the prime factors of w?
3
Suppose c = -b - 0 + 5, b - 2*c = -4. Let n be 19/b + (-1)/2. Suppose 2*x - 3 = n. What are the prime factors of x?
2, 3
Let g(w) = w**3 - 10*w**2 - 11*w + 3. Let v be g(11). Suppose v*c - 6 = 36. What are the prime factors of (-1)/1 + c + 1?
2, 7
Let b = 42 - 14. Suppose -p - b = p. List the prime factors of 48/21 - (-4)/p.
2
Suppose 2*c = 137 + 107. What are the prime factors of c?
2, 61
Suppose 4*y + 15 = 3*y. Let t be (-5)/2*24/y. Suppose -4 = -t*c, -3*c - c = -2*x + 4. What are the prime factors of x?
2
What are the prime factors of (117/(-18))/(1/(-2))?
13
Suppose 0 = 4*h - 9 - 7. Suppose 0 = -2*y - 4, -103 = -2*v - 3*v + h*y. What are the prime factors of v?
19
What are the prime factors of 3*(0 - (-64 + -3))?
3, 67
Suppose -u - h = 2, 5*u + 11 = -0*u - 4*h. Let g = u + 9. What are the prime factors of g?
2, 3
Let r be 8/(-3)*(-3)/2. Suppose -r*y + 38 + 34 = 0. Suppose y = 3*k - 18. List the prime factors of k.
2, 3
Let z = 29 - 26. List the prime factors of z.
3
Let b(y) = 2*y**3 - 3*y**3 - 8*y**2 - y**2 + 2*y + 8. Let w be b(-9). Let x = -6 - w. List the prime factors of x.
2
Let c be 6/(-12) + (-57)/(-2). Suppose 0*w - 5*w + c = -d, 4*d = 2*w - 184. Let h = -30 - d. List the prime factors of h.
2, 3
Let b = 97 - 63. List the prime factors of b.
2, 17
Suppose 2032 = -14*i + 22*i. List the prime factors of i.
2, 127
Let p(r) = -14*r - 15. List the prime factors of p(-5).
5, 11
Suppose -x - 9 = 4*v, 0 = v + 2*v - x + 12. Let l be -1*((-12)/v)/(-2). Suppose -5*k = -2*w + 22, -w + 8 = -5*k + l. What are the prime factors of w?
2
Suppose -4 = -2*u + 16. List the prime factors of 4/u - (-486)/10.
7
Let g be ((-14)/(-8))/(2/8). Let t = 7 + g. List the prime factors of t.
2, 7
Suppose -1 = 3*k + 2*f - 15, -26 = -3*k + 4*f. Let w = k - 1. Suppose 9*a - w*a = 8. What are the prime factors of a?
2
Let i = 92 - 39. What are the prime factors of i?
53
Suppose 5*l - 14 = 6. Suppose -l*a - 2*f + 26 = -0*f, 3*f + 42 = 3*a. What are the prime factors of ((-18)/7)/(a/(-42))?
2, 3
Let o be (0 + -1)/(1/(-20)). Let d = 22 - o. List the prime factors of d.
2
Let j(x) = x**2 - 14*x + 15. Let z be j(13). Suppose z*b = -b - q + 17, 0 = 5*b + 3*q - 31. List the prime factors of b.
5
Let q(z) = z**2 + z + 1. Let m(b) = 4*b**2 + 14*b + 3. Let h(p) = -m(p) + 5*q(p). Let o be h(9). Suppose o*k = -k + 6. What are the prime factors of k?
2
What are the prime factors of 138 - (-1 + 7)*5/(-15)?
2, 5, 7
Let b(q) be the second derivative of -q**3/6 + 17*q**2/2 + 3*q. What are the prime factors of b(-7)?
2, 3
Let l(g) = 2*g - 1. Let b be l(2). Suppose b*i = -2*y + 16, 0 = y - 3*i + 1 - 0. What are the prime factors of y?
5
Let k = -30 + 17. Let h(r) = r**3 + 14*r**2 + 11*r - 5. What are the prime factors of h(k)?
3, 7
Let m = -11 - -9. What are the prime factors of (1 + 1)/(m/(-19))?
19
Suppose -5*h = 2*h - 427. What are the prime factors of h?
61
Suppose 5*l - 5*v = -137 + 432, 130 = 2*l + 2*v. What are the prime factors of l?
2, 31
Suppose -4*q + 70 = -2*q. Suppose 0*l = 3*l - 5*t + 10, -q = -3*l - 4*t. List the prime factors of l.
5
Let p(v) = 2*v + 7. Let c(k) = -2*k - 8. Let z(l) = l**2 + 5*l. Let q be z(-4). Let o(t) = q*c(t) - 5*p(t). List the prime factors of o(-6).
3
Let l be (2/(-1) + 2)/1. Suppose 4*w + 46 = 2*q, l = q - 2*w + 3*w - 26. Let u = q + -15. What are the prime factors of u?
2, 5
Let d(v) = v**3 - 8*v**2 + 5*v + 10. Let u be d(7). What are the prime factors of (-1)/u*12/1?
3
Let g(c) = -c**3 + 2*c + 1. Let f be -3*(1 - (-2)/(-6)). Let v be g(f). Let b = 1 + v. What are the prime factors of b?
2, 3
Suppose 0*b + 5*b - 30 = 0. Let h(v) = v - 8 - v**3 + 2*v**3 + 3*v - 6*v**2. What are the prime factors of h(b)?
2
Let d(a) be the first derivative of a**2 + 2*a - 1. Let u be d(7). Suppose -2*o + 6*o = u. What are the prime factors of o?
2
Let p be (-6)/(-6) + (4 - -2). List the prime factors of 8/28 + 159/p.
23
Let v(l) = 13*l**2 - l. List the prime factors of v(-1).
2, 7
Suppose -9 = 5*r + 11. Let j(h) = -2 - 2*h**2 + 5*h + 7*h**2 - 3*h**2 + 0*h**2. What are the prime factors of j(r)?
2, 5
Let k(x) = -x**2 - 7*x + 3. Let q(f) = f**3 + 6*f**2 - 6*f. Let s be q(-7). Let g be k(s). Suppose -4 = g*c - 13. What are the prime factors of c?
3
Suppose -3*q - 90 = -a - 7, -5*a + 3*q = -403. List the prime factors of a.
2, 5
Let v = 4 - 4. Let o(r) = r - 4. Let w be o(v). What are the prime factors of (w + 3)/((-3)/27)?
3
Let t(q) = -q**3 + 25*q**2 + 3*q - 41. List the prime factors of t(25).
2, 17
Let m(a) = 2*a**2 + 4*a - 39. What are the prime factors of m(-14)?
3, 11
Suppose 6*j = -5*j + 407. What are the prime factors of j?
37
Let n be 4/(-10) - (-261)/15. Let o = n - 5. List the prime factors of o.
2, 3
Suppose 10*h + 176 = 1926. List the prime factors of h.
5, 7
Suppose -3*n - 3*i = -960, 3*i + 1005 = 5*n - 571. What are the prime factors of n?
317
Suppose -63 - 165 = -3*h. List the prime factors of h.
2, 19
Let z = 370 + -190. List the prime factors of z.
2, 3, 5
Let g(z) = z**3 + 8*z**2 - 11*z - 13. Let q be g(-9). Suppose -4 = -q*v + 6. Suppose -10 = -4*l + v. List the prime factors of l.
3
Let x be (-1)/(-2) - (-6)/(-4). Let a(z) = -10*z + 1. List the prime factors of a(x).
11
Suppose -5*r - 2*o = -34, 0 = -r + 2*o + o. Suppose l = 2*l + r. Let w = l + 9. List the prime factors of w.
3
Let r(d) = d**3 + 6*d**2 - d - 6. Let j be r(-6). Suppose j*f = 4*f - 12. What are the prime factors of f?
3
Let a be 2/(-7) - 52/14. What are the prime factors of a/(-10) + (-648)/(-30)?
2, 11
Let c(g) = g**2 - 3*g + 11. Suppose -9 = 4*o - 37. What are the prime factors of c(o)?
3, 13
Suppose j - 66 = -5. What are the prime factors of j?
61
Let g be (1 - (-1 + 3)) + 0. Let j = 3 + g. What are the prime factors of j?
2
Suppose 2*i = 7*i + 5. Let f = i - -13. Suppose -f = -3*r - 0. What are the prime factors of r?
2
Suppose 2*h + h + 30 = 0. What are the prime factors of 6*4*(-5)/h?
2, 3
Let t = 8 - 1. Let p(u) = 2*u + 12. List the prime factors of p(t).
2, 13
Let q(u) = 12*u**3 + u**2 - 2*u + 1.